nd 48760?
920
What is the highest common divisor of 36 and 20499?
3
What is the highest common divisor of 110 and 84326?
22
Calculate the highest common factor of 134644 and 72.
4
What is the greatest common divisor of 555 and 747030?
555
Calculate the greatest common factor of 561 and 5478.
33
What is the greatest common divisor of 23332 and 10488?
76
What is the greatest common divisor of 690 and 1855755?
345
Calculate the highest common factor of 28939 and 3483.
43
What is the highest common divisor of 4644 and 2187?
27
What is the greatest common factor of 69629 and 232?
29
Calculate the highest common divisor of 155 and 2661319.
31
Calculate the greatest common factor of 3232 and 1088.
32
What is the highest common divisor of 19737 and 175797?
459
What is the highest common divisor of 28296 and 144?
72
What is the highest common divisor of 25300 and 23575?
575
Calculate the highest common divisor of 7 and 101801.
7
Calculate the highest common factor of 287 and 567.
7
What is the greatest common divisor of 44 and 35013?
11
Calculate the highest common divisor of 1368 and 34656.
456
Calculate the greatest common factor of 2118 and 48.
6
What is the highest common factor of 8479914 and 757?
757
What is the highest common factor of 654 and 680814?
654
What is the greatest common divisor of 64396 and 136?
68
What is the highest common factor of 304 and 13661?
19
What is the highest common divisor of 6276 and 90?
6
Calculate the highest common factor of 654 and 3412245.
327
What is the highest common factor of 112 and 56728?
56
What is the greatest common divisor of 1455 and 846519?
291
Calculate the greatest common divisor of 2737 and 9499.
161
What is the greatest common divisor of 240732 and 1296?
324
What is the greatest common divisor of 27 and 18567?
9
What is the highest common factor of 8 and 15188?
4
Calculate the highest common factor of 3568 and 112.
16
What is the highest common divisor of 1845 and 75?
15
Calculate the greatest common divisor of 9420 and 3924.
12
What is the highest common divisor of 846 and 310059?
423
What is the highest common divisor of 4511 and 498292?
347
What is the greatest common factor of 1002 and 515863?
167
Calculate the greatest common factor of 642 and 9742029.
321
Calculate the highest common factor of 36 and 239076.
36
Calculate the highest common divisor of 15309 and 3087.
63
Calculate the greatest common factor of 3392 and 576.
64
Calculate the highest common divisor of 63 and 884324.
7
Calculate the highest common divisor of 10149559 and 14.
7
What is the highest common divisor of 248 and 274102?
62
Calculate the highest common factor of 451628 and 92.
92
What is the highest common factor of 28431 and 2327?
13
What is the highest common divisor of 92887 and 435?
29
What is the highest common divisor of 53976 and 16?
8
Calculate the highest common divisor of 3059 and 23807.
133
Calculate the greatest common divisor of 33463 and 921.
307
What is the highest common factor of 5680 and 18080?
80
What is the highest common factor of 24 and 2829468?
12
What is the greatest common divisor of 4095 and 175?
35
Calculate the highest common divisor of 49 and 66227.
7
Calculate the highest common factor of 18752 and 64.
64
Calculate the highest common divisor of 1952 and 19154.
122
Calculate the highest common divisor of 108 and 85914.
54
Calculate the greatest common divisor of 1795 and 1115.
5
What is the highest common divisor of 729 and 2148?
3
What is the highest common factor of 6752 and 8018?
422
What is the highest common factor of 51 and 57052?
17
What is the greatest common factor of 22302 and 1701?
189
Calculate the highest common factor of 3649 and 41615.
41
What is the greatest common divisor of 110246 and 398?
398
Calculate the greatest common factor of 5423 and 43571.
187
Calculate the greatest common factor of 1457 and 93.
31
Calculate the greatest common divisor of 526773 and 39.
39
What is the greatest common divisor of 7802 and 376?
94
What is the highest common divisor of 10670 and 440?
110
What is the highest common factor of 360 and 130380?
60
Calculate the greatest common divisor of 52833 and 11.
11
What is the highest common factor of 149048 and 248?
248
What is the greatest common divisor of 540 and 7900?
20
Calculate the highest common divisor of 458 and 3893.
229
What is the highest common divisor of 65967 and 924?
33
What is the highest common divisor of 686 and 361130?
98
Calculate the greatest common factor of 168 and 40824.
168
What is the greatest common factor of 90075 and 11325?
75
Calculate the highest common factor of 45 and 45495.
45
What is the highest common factor of 3 and 67107?
3
What is the highest common divisor of 2020 and 38260?
20
Calculate the greatest common divisor of 93 and 6306.
3
What is the highest common factor of 432221 and 157?
157
What is the greatest common divisor of 2368 and 107596?
148
Calculate the greatest common factor of 5517117 and 9.
9
What is the highest common divisor of 47826 and 36?
18
Calculate the greatest common factor of 55 and 14550.
5
What is the greatest common factor of 180864 and 27?
9
Calculate the highest common factor of 160 and 4435.
5
What is the highest common divisor of 3 and 111683?
1
Calculate the greatest common divisor of 24 and 51924.
12
What is the greatest common factor of 22399399 and 1331?
1331
Calculate the highest common factor of 4200 and 13272.
168
What is the highest common factor of 88624 and 120?
8
Calculate the highest common factor of 2199 and 7053.
3
What is the highest common factor of 36650 and 50?
50
What is the greatest common factor of 385 and 151228?
77
Calculate the greatest common divisor of 29 and 668479.
29
What is the highest common factor of 48143 and 93?
31
Calculate the highest common factor of 14831431 and 43.
43
Calculate the highest common factor of 65037 and 28851.
489
What is the highest common divisor of 315 and 7805?
35
Calculate the highest common factor of 471 and 447.
3
Calculate the greatest common factor of 3995 and 205.
5
What is the greatest common divisor of 128 and 1439888?
16
What is the greatest common factor of 1872 and 32976?
144
What is the highest common factor of 7100 and 568?
284
Calculate the highest common factor of 2349 and 7938.
81
What is the greatest common factor of 56 and 163736?
8
Calculate the greatest common factor of 11 and 534875.
11
Calculate the highest common factor of 129336 and 168.
24
What is the greatest common divisor of 49185 and 345?
15
Calculate the greatest common divisor of 260 and 172276.
52
Calculate the greatest common factor of 520 and 14230.
10
What is the greatest common divisor of 35 and 25928?
7
What is the greatest common divisor of 17976 and 168?
168
What is the greatest common factor of 93 and 2511?
93
What is the highest common divisor of 11718 and 10206?
378
What is the greatest common divisor of 1263 and 456?
3
Calculate the greatest common factor of 362836 and 4.
4
What is the greatest common divisor of 38 and 538?
2
Calculate the highest common divisor of 333 and 38221.
37
What is the highest common divisor of 81107 and 51?
17
What is the greatest common divisor of 1059 and 112607?
353
Calculate the highest common divisor of 2524 and 1081534.
1262
Calculate the highest common divisor of 315 and 14245.
35
Calculate the greatest common divisor of 22 and 2356442.
22
What is the greatest common factor of 42 and 95160?
6
What is the highest common divisor of 11972661 and 1362?
681
Calculate the greatest common divisor of 3455 and 2518004.
691
Calculate the highest common divisor of 72012 and 132.
12
What is the highest common factor of 547341 and 111?
111
Calculate the greatest common factor of 30690 and 1650.
330
Calculate the greatest common divisor of 2485 and 108360.
35
Calculate the greatest common divisor of 29 and 167591.
29
What is the greatest common divisor of 142668 and 3024?
108
Calculate the greatest common factor of 3798 and 35026.
422
What is the greatest common divisor of 11804 and 34050?
454
Calculate the highest common factor of 124 and 8324740.
124
Calculate the highest common factor of 132858 and 242.
242
What is the highest common factor of 32307 and 3993?
363
Calculate the highest common factor of 289848